 515315 - 2?
515313
In base 3, what is 2010012 + 211211022?
220221111
In base 6, what is 20 + 3101503051?
3101503111
In base 15, what is ad1bd - d?
ad1b0
In base 16, what is -4a232 + -43?
-4a275
In base 15, what is -b718d2 + 4?
-b718cd
In base 15, what is -9290e0 - -4?
-9290db
In base 15, what is -1ca + 2ba6?
29cb
In base 13, what is -3 - 748a4b?
-748a51
In base 14, what is a83c9 - 96?
a8333
In base 7, what is -1245510342 - 4?
-1245510346
In base 4, what is -30 - -32322012003?
32322011313
In base 9, what is -4 - 7074142?
-7074146
In base 9, what is 3 - 50742881?
-50742877
In base 15, what is -3 + 4b5315?
4b5312
In base 13, what is -693 + -56701?
-57094
In base 9, what is 73 + -1751726?
-1751643
In base 9, what is 2214 + -2730?
-515
In base 15, what is -1ded - -83?
-1d6a
In base 9, what is 21228 - -17622?
38851
In base 15, what is -88ee7e - 5?
-88ee84
In base 3, what is -100002 + 1000002000?
222201221
In base 16, what is 173b + ae?
17e9
In base 12, what is 94916b5 - -2?
94916b7
In base 11, what is 26854 + -2580?
24284
In base 15, what is 8 - -aa1e36?
aa1e3e
In base 16, what is 2ccc3 + -87c?
2c447
In base 5, what is -1 + -102033111334?
-102033111340
In base 6, what is -322250 + -5252?
-331542
In base 5, what is 1333331 - -233102?
2121433
In base 12, what is -64a3465 - -11?
-64a3454
In base 2, what is 1 + -110100001110001011000111?
-110100001110001011000110
In base 12, what is 304927 + -24?
304903
In base 11, what is -43467a - 24?
-4346a3
In base 3, what is 112211002 - -221020?
120202022
In base 16, what is -44d1e - 22?
-44d40
In base 12, what is -77 - 4b716?
-4b791
In base 7, what is 4 - 21403544?
-21403540
In base 4, what is 1310203221 - -2?
1310203223
In base 10, what is -13 + 5105323?
5105310
In base 14, what is 1 + 6a32b?
6a32c
In base 13, what is -40 + -84868?
-848a8
In base 9, what is -75511460 + 4?
-75511455
In base 7, what is 20324036 - 53?
20323653
In base 12, what is -6191b + -147?
-61a66
In base 10, what is 115258275 - -1?
115258276
In base 14, what is 93 - -54c315?
54c3a8
In base 11, what is -3a1926673 + -4?
-3a1926677
In base 9, what is -1485 - -4225?
2630
In base 11, what is 51 - 1395915?
-1395874
In base 16, what is 6 - -2d6230c?
2d62312
In base 2, what is -11 + -101101010001001011100010?
-101101010001001011100101
In base 15, what is -779556 + -4?
-77955a
In base 7, what is 1363322214 + -2?
1363322212
In base 14, what is -358bd2 - -d3?
-358add
In base 2, what is -10101011010011101010 - -10?
-10101011010011101000
In base 5, what is 1341022233213 + -4?
1341022233204
In base 11, what is -2 - -a3644542?
a3644540
In base 11, what is 4 + -9617409?
-9617405
In base 16, what is -658d01 + 43?
-658cbe
In base 7, what is 10400153 + 311?
10400464
In base 14, what is -8751 - 7a8?
-9119
In base 12, what is 27141a2 + -5?
2714199
In base 12, what is -2 - -93962ab?
93962a9
In base 2, what is 1011000101110000011101 + 1100101?
1011000101110010000010
In base 3, what is -11 + -2012010022101?
-2012010022112
In base 9, what is -37 + 1381843?
1381805
In base 9, what is -15573 - -13160?
-2413
In base 9, what is -1372 - -458486?
457114
In base 10, what is -4561006 + 4?
-4561002
In base 10, what is -233750 - -25?
-233725
In base 15, what is 43da + 1ac?
4597
In base 13, what is 8b276b - 32?
8b2739
In base 12, what is 4a811 - 30?
4a7a1
In base 2, what is -11100101010101101 - 100010111?
-11100101111000100
In base 2, what is 1 - 1001100011100001000100?
-1001100011100001000011
In base 2, what is 1100101100100010101110010 - -1?
1100101100100010101110011
In base 4, what is -11131 + -1332331112?
-1333002303
In base 5, what is 11431323 + -213214?
11213104
In base 8, what is 523 - -13136644?
13137367
In base 5, what is 12241420011 + 123?
12241420134
In base 9, what is 6635873 + 14?
6635887
In base 7, what is -504 + -3251343?
-3252150
In base 13, what is 10ac26b + 24?
10ac292
In base 4, what is 1113 + 2131212203?
2131213322
In base 11, what is 735477 + 8?
735484
In base 15, what is 7290 + -6b2?
6acd
In base 16, what is -d - 162b5?
-162c2
In base 10, what is -34 + -137416?
-137450
In base 13, what is -12c4879a + 3?
-12c48797
In base 12, what is 0 + 27921aa?
27921aa
In base 10, what is 507374318 + 5?
507374323
In base 6, what is 1252235 + -25?
1252210
In base 5, what is 10023 - 400131?
-340103
In base 16, what is -53533d - -3?
-53533a
In base 9, what is 2 + 10607424?
10607426
In base 14, what is 4d9c51 - 0?
4d9c51
In base 10, what is 34417534 - 1?
34417533
In base 7, what is 61142 - 10165?
50644
In base 11, what is 1590 - -a4504?
a5a94
In base 11, what is 79629757 - 0?
79629757
In base 3, what is 22220 - 2012021?
-1212101
In base 5, what is -131 + -134341103?
-134341234
In base 12, what is 976a + a?
9778
In base 6, what is 1505312 - -221?
1505533
In base 9, what is 14175 + 1854?
16140
In base 16, what is -e597 + 36c8?
-aecf
In base 2, what is 1000010001110110 + -10101001011?
111111100101011
In base 2, what is 1010001 - 1100001010001100100?
-1100001010000010011
In base 2, what is 11010101 - -100010100111010011100101?
100010100111010110111010
In base 4, what is -101 - -311211032?
311210331
In base 7, what is -213 + 1535340?
1535124
In base 11, what is -13 + 1a464a?
1a4637
In base 7, what is 10363 - 504505?
-464112
In base 4, what is -10 + -23121030232?
-23121030302
In base 5, what is -11 - 1401413114?
-1401413130
In base 7, what is 5 - 40323101?
-40323063
In base 14, what is -1ab3ba9 - -3?
-1ab3ba6
In base 3, what is 101202220100101200 - 0?
101202220100101200
In base 13, what is -52886bb7 + 4?
-52886bb3
In base 14, what is 0 - 4473b5?
-4473b5
In base 7, what is -15643134 + -116?
-15643253
In base 7, what is 11322023 + 16?
11322042
In base 6, what is 103035 - 134543?
-31504
In base 12, what is 4 + -376594?
-376590
In base 7, what is 1435 - 514654?
-513216
In base 10, what is -8798 + -50628?
-59426
In base 6, what is 32 + 153242154?
153242230
In base 11, what is -5374 + -5a?
-5423
In base 9, what is -5468846 + 6?
-5468840
In base 16, what is 136574 - 7?
13656d
In base 2, what is 110100111100001111111111110 - -11?
110100111100010000000000001
In base 5, what is -121234 + 12202?
-104032
In base 2, what is 11000 - 11100000000100001101101100?
-11100000000100001101010100
In base 13, what is -17a9 - -a2?
-1707
In base 12, what is -5716 - 16228?
-1b942
In base 10, what is 397556 - 65?
397491
In base 3, what is 11 - -121022200102221?
121022200110002
In base 3, what is 2000011211201 + -10?
2000011211121
In base 12, what is b57412 - 2?
b57410
In base 12, what is 26a3 + 8341?
aa24
In base 13, what is -800 + -566a8?
-571a8
In base 7, what is -3426114 + 253?
-3425531
In base 3, what is 121102000202001 + -11?
121102000201220
In base 4, what is 10310121112 - -30?
10310121202
In base 16, what is -77c89 - 18?
-77ca1
In base 15, what is -d086 + -26c?
-d303
In base 4, what is 22201002 - 1022301?
21112101
In base 15, what is 4 - -ace93da?
ace93de
In base 15, what is b - 10ad12?
-10ad06
In base 3, what is 102020222 + 221222?
110012221
In base 2, what is -100001100001100001111 + -1110101?
-100001100001110000100
In base 10, what is 11671 - 5929?
5742
In base 4, what is 12331322 + 1011?
12332333
In base 6, what is -2 + -5115103045?
-5115103051
In base 14, what is 175d0 - 30?
175a0
In base 16, what is 4a - -a268?
a2b2
In base 2, what is -1110101 + -1001110010000000101?
-1001110010001111010
In base 4, what is -1311100303 + 11?
-1311100232
In base 3, what is 12220011012210 + 102?
12220011020012
In base 4, what is -2 - 101013112031?
-101013112033
In base 9, what is 77103 - 273?
76720
In base 8, what is 1 - -14360274?
14360275
In base 3, what is -211100211221 - -12?
-211100211202
In base 3, what is 1 - -21110122202212?
21110122202220
In base 10, what is 0 - 1717501?
-1717501
In base 7, what is -60163234 - -2?
-60163232
In base 4, what is 330300 + -10201213?
-3210313
In base 11, what is -4538 + -8842?
-1227a
In base 2, what is 111010 - -1110110000001000?
1110110001000010
In base 11, what is 281 - -2a5?
576
In base 3, what is 12221022202 - -1?
12221022210
In base 7, what is 0 - 56265256?
-56265256
In base 11, what is 5 + -4619a593?
-4619a589
In base 12, what is -3 - -2573a0?
257399
In base 2, what is 1000001111111110010001111 - 11?
1000001111111110010001100
In base 4, what is -211131320 - 11312?
-211